e z(0).
568
Let b(h) = 15*h**3 - 3*h**2 + 11*h - 36. Calculate b(4).
920
Let k(i) = i**3 + 102*i**2 - 2434*i - 46. What is k(20)?
74
Let i(b) = 199815*b + 1598538. What is i(-8)?
18
Let w(q) = -22*q**3 + 6*q**2 - 7586*q + 15173. What is w(2)?
-151
Let t(f) = -f**2 + 178. Calculate t(15).
-47
Let i(w) = 463*w + 95881. Determine i(-205).
966
Let j(r) = r**2 - 552*r + 4274. Give j(8).
-78
Let j(h) = 16*h**3 - 516*h**2 + 204*h - 2428. Give j(32).
4
Let i(b) = 888*b**3 + b**2 - 1. Determine i(-1).
-888
Let k(x) = -1427*x**2 - 14259*x - 33. Calculate k(-10).
-143
Let j(h) = 120*h - 3486. Determine j(20).
-1086
Let d(o) = 3*o**3 - 2*o**2 + 2500*o - 9968. What is d(4)?
192
Let u(m) = -2*m**2 - 2631*m - 862538. Give u(-621).
31
Let r(i) = -i**3 - 3*i**2 + 149094*i + 745410. Determine r(-5).
-10
Let a(p) = 465*p**2 + 132061*p + 293. Calculate a(-284).
9
Let z(s) = -s**2 + 159*s + 17012. Determine z(232).
76
Let r(f) = -2*f**3 + 4*f**2 - 574*f + 1705. Determine r(3).
-35
Let k(y) = -2*y**2 + 75*y + 147. What is k(39)?
30
Let w(a) = a**2 + 42*a - 3972. Determine w(45).
-57
Let w(d) = -11781*d - 129458. What is w(-11)?
133
Let r(w) = -w**3 + w**2 + 496*w - 283. What is r(-22)?
-63
Let m(v) = 828*v**2 + 4263*v + 11. What is m(-6)?
4241
Let g(a) = -145*a**2 - 38431*a - 1579. Determine g(-265).
11
Let j(m) = 1109*m + 673767. Determine j(-608).
-505
Let q(o) = -7265*o - 43328. Give q(-6).
262
Let x(h) = -573*h - 8973. Give x(-16).
195
Let r(x) = -8*x**3 - 3074*x**2 - 762*x + 2306. Calculate r(-384).
2
Let v(d) = -d**3 + 435*d**2 + 786*d - 899417. Give v(432).
7
Let x(z) = z**2 + 3667*z - 851050. What is x(219)?
-16
Let t(b) = b**3 + 12*b**2 + 299*b + 1541. Determine t(-6).
-37
Let w(i) = 2*i**3 + 48*i**2 + 282*i + 29. Give w(-14).
1
Let d(q) = -299*q - 396. Determine d(-1).
-97
Let f(g) = -g**3 - 5*g**2 - 15773*g - 94677. Determine f(-6).
-3
Let u(c) = -27840*c - 111327. What is u(-4)?
33
Let c(u) = -2*u**3 + 66*u**2 + 169*u - 6148. Give c(34).
-2714
Let i(x) = x**3 - 403*x**2 - 3340*x + 21364. Calculate i(411).
-8
Let m(u) = -17*u**2 - 494*u + 12258. What is m(16)?
2
Let w(q) = 2*q**2 - 1351*q - 169236. Calculate w(-108).
0
Let b(q) = 422*q - 49877. Determine b(118).
-81
Let a(r) = -11951*r + 155156. Determine a(13).
-207
Let l(b) = b**3 + 665*b**2 + 106107*b - 7151. Calculate l(-266).
31
Let d(b) = -31397*b + 4583966. Give d(146).
4
Let u(z) = -z**2 + 100*z + 528. Calculate u(105).
3
Let i(c) = -2*c**2 - 2654*c - 18568. Determine i(-7).
-88
Let m(a) = 8083*a - 638567. What is m(79)?
-10
Let o(c) = c**2 - 30790*c + 153960. Give o(5).
35
Let x(i) = -i**3 - 169*i**2 + 2*i + 258. What is x(0)?
258
Let o(b) = b**2 - 145599*b + 582389. Determine o(4).
9
Let q(m) = 47*m**2 + 358*m + 383. Calculate q(-6).
-73
Let l(w) = -w**3 - 203*w**2 - 380*w + 43883. Determine l(-200).
-117
Let g(h) = -27245*h + 4032239. Determine g(148).
-21
Let m(p) = -120*p**2 + 17271*p + 1363. Give m(144).
67
Let n(c) = -185*c + 18000. Determine n(98).
-130
Let l(h) = -15*h**3 + 114*h**2 + 73*h - 208. What is l(8)?
-8
Let a(s) = s**3 - 51*s**2 + 187*s - 211. Determine a(6).
-709
Let v(p) = 2*p**2 + 648*p + 40984. What is v(-86)?
48
Let a(q) = 1225829*q + 50258991. Give a(-41).
2
Let n(r) = 43*r**2 + 611*r + 5. What is n(-12)?
-1135
Let i(m) = -183*m**3 + 7*m**2 + 26*m + 17. What is i(-2)?
1457
Let f(o) = -o**2 + 8989*o + 80993. Calculate f(-9).
11
Let a(f) = 2*f**3 - 45*f**2 - 510*f - 520. Determine a(31).
7
Let p(y) = -2607*y + 48613. Calculate p(18).
1687
Let u(z) = -5*z**2 - 91*z + 3121. Give u(-37).
-357
Let p(u) = u**3 - 66*u**2 - 119*u + 7921. What is p(66)?
67
Let i(q) = -43*q**3 + 420*q**2 + 16*q. Give i(10).
-840
Let c(g) = 6*g - 1780. What is c(207)?
-538
Let h(t) = 277*t**2 - 67*t - 158. Give h(-3).
2536
Let l(p) = 97*p - 7768. Determine l(84).
380
Let u(t) = 815*t + 48905. Give u(-60).
5
Let d(q) = -21504*q + 623624. Determine d(29).
8
Let v(g) = -257*g + 53958. Calculate v(210).
-12
Let d(k) = -3*k**2 + 16817*k + 100995. Give d(-6).
-15
Let d(i) = 8290709*i + 3. Calculate d(0).
3
Let z(y) = -165*y**2 + 245*y + 7. Give z(3).
-743
Let m(t) = -45468*t - 1000294. Calculate m(-22).
2
Let f(g) = 527*g + 19577. Calculate f(-37).
78
Let f(v) = 22*v**3 + 30*v**2 - 315*v - 630. Give f(-3).
-9
Let l(v) = -9*v**2 - 83*v + 67. Determine l(4).
-409
Let z(o) = -69*o**2 - 7516*o + 520. Determine z(-109).
-25
Let f(k) = -123*k**3 - 464*k**2 - 16*k - 3. What is f(-3)?
-810
Let t(r) = 2545*r**2 + 295214*r - 705. Calculate t(-116).
-9
Let p(k) = -84*k + 2883. Determine p(67).
-2745
Let s(r) = r**3 + 16*r**2 - 23126*r - 139116. Calculate s(-6).
0
Let k(g) = 2033*g + 75157. What is k(-37)?
-64
Let w(x) = 758045*x + 3790235. Calculate w(-5).
10
Let a(b) = 4*b**2 + 28*b - 6427. Give a(-45).
413
Let w(l) = l**3 - 26*l**2 - 8332*l + 231718. What is w(28)?
-10
Let y(c) = -28*c - 3422. Determine y(-18).
-2918
Let n(u) = 2*u**2 - 184*u + 4222. What is n(50)?
22
Let u(h) = 108533*h + 2496263. Give u(-23).
4
Let g(u) = -u**3 - 23*u**2 + 868*u - 157. Determine g(20).
3
Let a(k) = -7*k**3 + 102*k**2 + 2081*k - 20. Calculate a(26).
6
Let c(u) = 5014*u**2 + 4949*u - 1. What is c(-1)?
64
Let m(v) = -4034*v - 226095. Determine m(-56).
-191
Let v(k) = -2*k**3 + 446*k**2 + 924*k - 5443. Give v(225).
-43
Let i(b) = -193*b**2 - 2493*b - 59. Calculate i(-13).
-267
Let b(a) = 7*a**3 - 78*a**2 - 13*a + 562. Determine b(11).
298
Let x(c) = 10833*c - 454974. Determine x(42).
12
Let h(v) = 2457*v - 2213774. Determine h(901).
-17
Let c(z) = -3262*z**2 + 176153*z - 187. Determine c(54).
83
Let x(j) = -j**3 + 2*j**2 - 785*j + 4000. What is x(5)?
0
Let l(m) = 1751*m + 22698. Determine l(-13).
-65
Let n(d) = d**3 - 14*d**2 - 5*d - 3656. Calculate n(0).
-3656
Let v(c) = -3384*c + 378964. What is v(112)?
-44
Let c(l) = l**2 + 1204*l - 148820. Give c(113).
1
Let h(s) = 7395*s - 9532164. Determine h(1289).
-9
Let v(c) = -28254*c + 84815. Give v(3).
53
Let q(t) = -6588*t - 4275609. Determine q(-649).
3
Let a(o) = -3*o**3 - 89*o**2 + 55*o - 322. What is a(-31)?
1817
Let u(t) = -t**3 + 90*t**2 - 1678*t + 8898. Calculate u(12).
-6
Let n(u) = 3*u**2 + 190*u - 1805. Give n(8).
-93
Let q(a) = -a**2 + 9693*a - 106500. What is q(11)?
2
Let v(n) = n**3 - 14*n**2 + 150*n - 813. Determine v(8).
3
Let a(i) = -21*i**3 + 89*i**2 + 27*i - 12. Calculate a(0).
-12
Let s(z) = -4*z**3 - 219*z**2 - 131*z + 1680. What is s(-54)?
6
Let h(u) = u**2 + 5392*u - 219. What is h(0)?
-219
Let q(g) = -g**2 - 9*g - 317. What is q(-16)?
-429
Let u(a) = -2370*a + 2253867. What is u(951)?
-3
Let f(s) = 5409*s - 2363731. What is f(437)?
2
Let o(l) = 4*l**2 - 1969*l + 3937. What is o(2)?
15
Let i(x) = 244*x**2 + 16597*x + 245. Calculate i(-68).
-95
Let r(c) = 388*c - 33134. Give r(85).
-154
Let z(g) = 4*g**2 - 435*g + 2026. Determine z(110).
2576
Let q(f) = -98*f**2 + 186*f + 86. Determine q(2).
66
Let w(i) = -3*i**3 + 712*i**2 + 12149*i - 182. Determine w(-16).
-6
Let n(g) = 4403*g - 620830. Give n(141).
-7
Let d(r) = 2*r**2 + 108*r + 1425. Calculate d(-35).
95
Let y(z) = 5091*z + 127310. What is y(-25)?
35
Let l(r) = 11*r**3 - 282*r**2 - 1828*r - 31. Calculate l(31).
0
Let g(l) = 11*l**3 - 42*l**2 - 400*l + 1674. Give g(5).
-1
Let p(x) = x**3 - 243*x**2 - 1289*x - 259. Give p(-5).
-14
Let o(v) = v**3 + 3*v**2 - 11829*v - 47306. Determine o(-4).
-6
Let l(h) = -3*h**3 - 12*h**2 + 6910*h + 34469. Determine l(-5).
-6
Let c(v) = 10*v**2 + 335*v + 2531. Determine c(-20).
-169
Let s(q) = 23485*q - 798414. Determine s(34).
76
Let c(h) = -h**3 + 35*h**2 - 114*h + 137. Calculate c(29).
1877
Let y(t) = 66*t**2 + 58078*t - 1712. Determine y(-880).
48
Let g(b) = 962062*b - 2886194. Determine g(3).
-8
Let w(t) = -t**2 + 5291*t - 1091344. Calculate w(215).
-4
Let y(x) = -154*x - 27562. Calculate y(-179).
4
Let t(d) = 98*d**2 - 9506*d - 59. Give t(97).
-59
Let y(z) = -2380*z - 10780. What is y(-4)?
-1260
Let v(i) = -4*i**2 + 327*i + 6767. Calculate v(99).
-64
Let k(l) = -3*l**3 - 53*l**2 + 7815*l + 401. Determine k(43).
-72
Let o(b) = 2*b**2 - 27089*b + 1913242. Calculate o(71).
5
Let l(y) = 2*y**2 - 10910*y + 6. Calculate l(0).
6
Let w(r) = 59*r + 2904. Calculate w(-49).
13
Let a(c) = 66*c**2 + 186*c - 394. Determine a(2).
242
Let p(n) = -581*n + 897. What is p(-2)?
2059
Let o(x